{"id":11,"date":"2018-09-20T10:54:50","date_gmt":"2018-09-20T09:54:50","guid":{"rendered":"https:\/\/2019.osnabrueck.wordcamp.org\/location\/"},"modified":"2019-02-27T16:36:25","modified_gmt":"2019-02-27T15:36:25","slug":"location","status":"publish","type":"page","link":"https:\/\/osnabrueck.wordcamp.org\/2019\/location\/","title":{"rendered":"WordCamp Location"},"content":{"rendered":"\n<div class=\"wp-block-media-text alignwide has-media-on-the-right is-stacked-on-mobile custom-banner custom-banner--image-last\"><figure class=\"wp-block-media-text__media\"><img data-recalc-dims=\"1\" loading=\"lazy\" decoding=\"async\" width=\"525\" height=\"278\" src=\"https:\/\/i0.wp.com\/2019.osnabrueck.wordcamp.org\/files\/2019\/02\/karte-osnabrueck.wordcamp-1024x542.jpg?resize=525%2C278&#038;ssl=1\" alt=\"\" class=\"wp-image-2575\" srcset=\"https:\/\/i0.wp.com\/osnabrueck.wordcamp.org\/2019\/files\/2019\/02\/karte-osnabrueck.wordcamp.jpg?resize=1024%2C542&amp;ssl=1 1024w, https:\/\/i0.wp.com\/osnabrueck.wordcamp.org\/2019\/files\/2019\/02\/karte-osnabrueck.wordcamp.jpg?resize=300%2C159&amp;ssl=1 300w, https:\/\/i0.wp.com\/osnabrueck.wordcamp.org\/2019\/files\/2019\/02\/karte-osnabrueck.wordcamp.jpg?resize=768%2C407&amp;ssl=1 768w, https:\/\/i0.wp.com\/osnabrueck.wordcamp.org\/2019\/files\/2019\/02\/karte-osnabrueck.wordcamp.jpg?resize=500%2C265&amp;ssl=1 500w, https:\/\/i0.wp.com\/osnabrueck.wordcamp.org\/2019\/files\/2019\/02\/karte-osnabrueck.wordcamp.jpg?w=1480&amp;ssl=1 1480w\" sizes=\"auto, (max-width: 767px) 89vw, (max-width: 1000px) 54vw, (max-width: 1071px) 543px, 580px\" \/><\/figure><div class=\"wp-block-media-text__content\">\n<h2 class=\"wp-block-heading\">Im Herzen <br>von Osnabr\u00fcck<\/h2>\n\n\n\n<p>Die wichtigsten<br>Orte auf einen Blick<\/p>\n\n\n\n<p>Alles per Fu\u00df zu erreichen: Von der WordCamp-Location sind es nur <strong>300 m<\/strong> bis zum Gr\u00fcnen J\u00e4ger, <br><strong>700 m<\/strong> bis zum Rathaus und nur <strong>550 m<\/strong> bis in die Lagerhalle zur Party. Selbst vom Hauptbahnhof l\u00e4uft man nur <strong>1250 m<\/strong> zur Osnabr\u00fcckHalle.<\/p>\n\n\n\n<p class=\"subheadline\"><strong>*English version below<\/strong><\/p>\n<\/div><\/div>\n\n\n\n<h2 class=\"wp-block-heading\">WordCamp-Location<\/h2>\n\n\n\n<p>Das WordCamp Osnabr\u00fcck findet vom 23. bis 24. M\u00e4rz 2019 <br>in der <a href=\"https:\/\/www.osnabrueckhalle.de\/veranstalter\/\">Osnabr\u00fcckHalle<\/a>  \/\/\/ Schlosswall 1\u20139 in 49074 Osnabr\u00fcck statt.<\/p>\n\n\n\n<figure class=\"wp-block-image block-full-width\"><img data-recalc-dims=\"1\" loading=\"lazy\" decoding=\"async\" width=\"525\" height=\"216\" src=\"https:\/\/i0.wp.com\/2019.osnabrueck.wordcamp.org\/files\/2019\/01\/WordCamp-Osnabrueck-Location-1024x422.jpg?resize=525%2C216&#038;ssl=1\" alt=\"Hier findet das WordCamp Osnabr\u00fcck statt\" class=\"wp-image-1929\" srcset=\"https:\/\/i0.wp.com\/osnabrueck.wordcamp.org\/2019\/files\/2019\/01\/WordCamp-Osnabrueck-Location.jpg?resize=1024%2C422&amp;ssl=1 1024w, https:\/\/i0.wp.com\/osnabrueck.wordcamp.org\/2019\/files\/2019\/01\/WordCamp-Osnabrueck-Location.jpg?resize=300%2C124&amp;ssl=1 300w, https:\/\/i0.wp.com\/osnabrueck.wordcamp.org\/2019\/files\/2019\/01\/WordCamp-Osnabrueck-Location.jpg?resize=768%2C317&amp;ssl=1 768w, https:\/\/i0.wp.com\/osnabrueck.wordcamp.org\/2019\/files\/2019\/01\/WordCamp-Osnabrueck-Location.jpg?resize=500%2C206&amp;ssl=1 500w, https:\/\/i0.wp.com\/osnabrueck.wordcamp.org\/2019\/files\/2019\/01\/WordCamp-Osnabrueck-Location.jpg?w=1575&amp;ssl=1 1575w\" sizes=\"auto, (max-width: 767px) 89vw, (max-width: 1000px) 54vw, (max-width: 1071px) 543px, 580px\" \/><figcaption><br><\/figcaption><\/figure>\n\n\n\n<h2 class=\"wp-block-heading\">Ablauf <\/h2>\n\n\n\n<p><strong>FREITAG<\/strong> \/\/ F\u00fcr diejenigen, die bereits am Freitag anreisen, ist abends eine Besichtigung des <strong>Friedenssaals <\/strong>und anschlie\u00dfend ein gem\u00fctliches <strong>WarmUp<\/strong> im <a href=\"https:\/\/www.xn--grnerjger-os-lcb54a.de\/\">Gr\u00fcnen J\u00e4ger<\/a> geplant.<\/p>\n\n\n\n<p><strong>SAMSTAG<\/strong> \/\/ Am Samstag beginnt um 9 Uhr die offizielle Er\u00f6ffnung des WordCamps Osnabr\u00fcck in der Osnabr\u00fcckHalle. <br><br>Am Ende des ersten Veranstaltungstages hat jeder etwas Zeit, zu verschnaufen oder in der Osnabr\u00fccker Altstadt etwas essen zu gehen. Um 20 Uhr treffen wir uns wieder zur <strong>Community Party<\/strong> in der <a rel=\"noreferrer noopener\" aria-label=\"Lagerhalle (\u00f6ffnet in neuem Tab)\" href=\"https:\/\/www.lagerhalle-osnabrueck.de\/content\/die-lagerhalle\/rundgang\/\" target=\"_blank\">Lagerhalle<\/a><a href=\"https:\/\/www.cinema-arthouse.de\/kino\/blue-note\/bildergalerie\"><\/a>, um gemeinsam das ein oder andere Kaltgetr\u00e4nk zu genie\u00dfen! \ud83d\ude09<\/p>\n\n\n\n<p><strong>SONNTAG<\/strong> \/\/ Um halb zehn sind dann hoffentlich alle wieder fit f\u00fcr einen weiteren Veranstaltungstag voller spannender <strong>Sessions<\/strong>, <strong>Workshops<\/strong> und <strong>Contributing<\/strong>. <\/p>\n\n\n\n<p>Weitere Infos zum <strong>Ablauf<\/strong> gibt es <a href=\"https:\/\/2019.osnabrueck.wordcamp.org\/zeitplan\/\">hier<\/a>.  Wir freuen uns auf euch!<\/p>\n\n\n\n<p><br><\/p>\n\n\n\n<figure class=\"wp-block-image block-full-width\"><img data-recalc-dims=\"1\" loading=\"lazy\" decoding=\"async\" width=\"525\" height=\"408\" src=\"https:\/\/i0.wp.com\/2019.osnabrueck.wordcamp.org\/files\/2019\/01\/Flug-Tilt-HEESE-1024x796.jpg?resize=525%2C408&#038;ssl=1\" alt=\"\" class=\"wp-image-1924\" srcset=\"https:\/\/i0.wp.com\/osnabrueck.wordcamp.org\/2019\/files\/2019\/01\/Flug-Tilt-HEESE.jpg?resize=1024%2C796&amp;ssl=1 1024w, https:\/\/i0.wp.com\/osnabrueck.wordcamp.org\/2019\/files\/2019\/01\/Flug-Tilt-HEESE.jpg?resize=300%2C233&amp;ssl=1 300w, https:\/\/i0.wp.com\/osnabrueck.wordcamp.org\/2019\/files\/2019\/01\/Flug-Tilt-HEESE.jpg?resize=768%2C597&amp;ssl=1 768w, https:\/\/i0.wp.com\/osnabrueck.wordcamp.org\/2019\/files\/2019\/01\/Flug-Tilt-HEESE.jpg?resize=386%2C300&amp;ssl=1 386w, https:\/\/i0.wp.com\/osnabrueck.wordcamp.org\/2019\/files\/2019\/01\/Flug-Tilt-HEESE.jpg?w=1575&amp;ssl=1 1575w\" sizes=\"auto, (max-width: 767px) 89vw, (max-width: 1000px) 54vw, (max-width: 1071px) 543px, 580px\" \/><\/figure>\n\n\n\n<h2 class=\"wp-block-heading\">Anreise<\/h2>\n\n\n\n<h3 class=\"wp-block-heading\">Mit dem Auto<\/h3>\n\n\n\n<p>Bitte beachte bei der Anreise mit dem PKW: Osnabr\u00fcck ist eine <strong>Umweltzone<\/strong> und die Zufahrt ist nur mit einer gr\u00fcner Plakette gestattet. <\/p>\n\n\n\n<p>Anfahrt <strong>aus Richtung Ruhrgebiet <\/strong> \u00fcber die A1. Ab Lotter Kreuz \u00fcber die A30 (Richtung Hannover. Aus Richtung <strong> Bremen oder Hamburg&nbsp;<\/strong>k\u00f6nnt&nbsp;ihr&nbsp;schon&nbsp;die&nbsp;Abfahrt&nbsp;Osnabr\u00fcck&nbsp;Nord\/Wallenhorst&nbsp;nehmen. Die&nbsp;B68&nbsp;bringt&nbsp;euch&nbsp;dann&nbsp;in&nbsp;die&nbsp;Innenstadt.<\/p>\n\n\n\n<p>Anfahrt <strong>aus Richtung Hannover oder den Niederlanden<\/strong> nur \u00fcber die A30 \u2013 Nimm die Ausfahrt Osnabr\u00fcck-Hellern und fahre Richtung Stadtmitte.<\/p>\n\n\n\n<p>\u00dcber den Kurt-Schumacher-Damm und die Martinistra\u00dfe sowie den Neuen Graben geht es auf direktem Wege zur HalleOsnabr\u00fcck und zur <strong>Tiefgarage Ledenhof.<\/strong><\/p>\n\n\n\n<h3 class=\"wp-block-heading\">Mit dem \u00d6PNV<\/h3>\n\n\n\n<p><strong>Anreise mit der Bahn<\/strong><br>F\u00fcr die beste Bahnverbindung schaut ihr am besten auf die Fahrplanauskunft der&nbsp;<a rel=\"noreferrer noopener\" target=\"_blank\" href=\"http:\/\/www.bahn.de\/p\/view\/index.shtml\">Bahn<\/a>.<\/p>\n\n\n\n<p><strong>Anreise mit dem Bus<\/strong><br>Vom Hauptbahnhof Osnabr\u00fcck nimm Buslinie 21 (Richtung Atterfeld) oder Linie 22 (Richtung Campus Westerberg\/ICO) und steige an der Haltestelle &#8222;Osnabr\u00fcck Universit\u00e4t\/Osnabr\u00fcck Halle&#8220; aus. Von dort aus sind es nur noch 120m zu Fu\u00df.<\/p>\n\n\n\n<p>Wenn du eine andere Busverbindung ben\u00f6tigst, nutze am besten die Fahrplanauskunft der&nbsp;<a rel=\"noreferrer noopener\" href=\"http:\/\/www.fahrplaner.de\/hafas\/query.exe\/dn?L=vs_web.vs_vos&amp;ZID=A=1@O=Osnabr%C3%BCck\" target=\"_blank\">Verkehrsgemeinschaft Osnabr\u00fcck.<\/a><\/p>\n\n\n\n<h2 class=\"wp-block-heading\">\u00dcbernachten <br>in der Friedensstadt <br>Osnabr\u00fcck<\/h2>\n\n\n\n<p>Wir haben f\u00fcr euch mit dem Tourismus- und Tagungsservice Osnabr\u00fcck ein <a href=\"http:\/\/web4.deskline.net\/osnatagung\/de\/accommodation\/search\">Sonderkontingent f\u00fcr WCOS-Teilnehmende<\/a> eingerichtet, \u00fcber welches ihr eure \u00dcbernachtung in Hotels nahe der Osnabr\u00fcck Halle buchen k\u00f6nnt. Weitere Vorschl\u00e4ge und Informationen zu den Hotels findet ihr in unserem dazugeh\u00f6rigen Blogbeitrag: <a href=\"https:\/\/2019.osnabrueck.wordcamp.org\/schon-ein-hotelzimmer-gebucht\/\">Schon ein Hotelzimmer gebucht?<\/a><\/p>\n\n\n\n<div class=\"wp-block-media-text alignwide has-media-on-the-right is-stacked-on-mobile custom-banner custom-banner--image-last\"><figure class=\"wp-block-media-text__media\"><img data-recalc-dims=\"1\" loading=\"lazy\" decoding=\"async\" width=\"525\" height=\"278\" src=\"https:\/\/i0.wp.com\/2019.osnabrueck.wordcamp.org\/files\/2019\/02\/karte-osnabrueck.wordcamp-1024x542.jpg?resize=525%2C278&#038;ssl=1\" alt=\"\" class=\"wp-image-2575\" srcset=\"https:\/\/i0.wp.com\/osnabrueck.wordcamp.org\/2019\/files\/2019\/02\/karte-osnabrueck.wordcamp.jpg?resize=1024%2C542&amp;ssl=1 1024w, https:\/\/i0.wp.com\/osnabrueck.wordcamp.org\/2019\/files\/2019\/02\/karte-osnabrueck.wordcamp.jpg?resize=300%2C159&amp;ssl=1 300w, https:\/\/i0.wp.com\/osnabrueck.wordcamp.org\/2019\/files\/2019\/02\/karte-osnabrueck.wordcamp.jpg?resize=768%2C407&amp;ssl=1 768w, https:\/\/i0.wp.com\/osnabrueck.wordcamp.org\/2019\/files\/2019\/02\/karte-osnabrueck.wordcamp.jpg?resize=500%2C265&amp;ssl=1 500w, https:\/\/i0.wp.com\/osnabrueck.wordcamp.org\/2019\/files\/2019\/02\/karte-osnabrueck.wordcamp.jpg?w=1480&amp;ssl=1 1480w\" sizes=\"auto, (max-width: 767px) 89vw, (max-width: 1000px) 54vw, (max-width: 1071px) 543px, 580px\" \/><\/figure><div class=\"wp-block-media-text__content\">\n<h2 class=\"wp-block-heading\">In the heart <br>from Osnabr\u00fcck<\/h2>\n\n\n\n<p>The most important Places <br>at a glance<\/p>\n\n\n\n<p>Everything within walking distance: From the WordCamp location it is only <strong>300 m<\/strong> to the Gr\u00fcnen J\u00e4ger,&nbsp;<strong>700 m<\/strong> to the Rathaus and only <strong>550 m<\/strong> to the Lagerhalle for the party. Even from the main station you walk only <strong>1250 m<\/strong> to the Osnabr\u00fcckHalle.<\/p>\n<\/div><\/div>\n\n\n\n<h2 class=\"wp-block-heading\">WordCamp-Location<\/h2>\n\n\n\n<p>The WordCamp Osnabr\u00fcck will take place from 23 to 24 March 2019 <br>in the <a href=\"https:\/\/www.osnabrueckhalle.de\/veranstalter\/\">Osnabr\u00fcckHalle<\/a>  \/\/\/ Schlosswall 1\u20139 in 49074 Osnabr\u00fcck.<\/p>\n\n\n\n<figure class=\"wp-block-image block-full-width\"><img data-recalc-dims=\"1\" loading=\"lazy\" decoding=\"async\" width=\"525\" height=\"216\" src=\"https:\/\/i0.wp.com\/2019.osnabrueck.wordcamp.org\/files\/2019\/01\/WordCamp-Osnabrueck-Location-1024x422.jpg?resize=525%2C216&#038;ssl=1\" alt=\"Hier findet das WordCamp Osnabr\u00fcck statt\" class=\"wp-image-1929\" srcset=\"https:\/\/i0.wp.com\/osnabrueck.wordcamp.org\/2019\/files\/2019\/01\/WordCamp-Osnabrueck-Location.jpg?resize=1024%2C422&amp;ssl=1 1024w, https:\/\/i0.wp.com\/osnabrueck.wordcamp.org\/2019\/files\/2019\/01\/WordCamp-Osnabrueck-Location.jpg?resize=300%2C124&amp;ssl=1 300w, https:\/\/i0.wp.com\/osnabrueck.wordcamp.org\/2019\/files\/2019\/01\/WordCamp-Osnabrueck-Location.jpg?resize=768%2C317&amp;ssl=1 768w, https:\/\/i0.wp.com\/osnabrueck.wordcamp.org\/2019\/files\/2019\/01\/WordCamp-Osnabrueck-Location.jpg?resize=500%2C206&amp;ssl=1 500w, https:\/\/i0.wp.com\/osnabrueck.wordcamp.org\/2019\/files\/2019\/01\/WordCamp-Osnabrueck-Location.jpg?w=1575&amp;ssl=1 1575w\" sizes=\"auto, (max-width: 767px) 89vw, (max-width: 1000px) 54vw, (max-width: 1071px) 543px, 580px\" \/><figcaption><br><\/figcaption><\/figure>\n\n\n\n<h2 class=\"wp-block-heading\">Schedule <\/h2>\n\n\n\n<p><strong>FRIDAY<\/strong> &nbsp;\/\/ For those who arrive on Friday, a visit to the <strong>Friedenssaal<\/strong> is planned in the evening, followed by a cosy <strong>WarmUp<\/strong> in the Gr\u00fcnen J\u00e4ger <\/p>\n\n\n\n<p><strong>SATURDAY<\/strong>\/\/ The official opening of the WordCamp Osnabr\u00fcck in the Osnabr\u00fcckHalle begins on Saturday at 9 am.<br><br>At the end of the first day of the event, everyone will have some time to take a breather or go for a meal in the old town of Osnabr\u00fcck. At 8 pm we meet again for the <strong>Community Party<\/strong> in the Lagerhalle to enjoy some drinks together!&nbsp; \ud83d\ude09<\/p>\n\n\n\n<p><strong>SUNDAY <\/strong>\/\/ At 9:30 everyone will hopefully be fit again for another day full of exciting <strong>sessions<\/strong>, <strong>workshops<\/strong> and <strong>contributions<\/strong>.<\/p>\n\n\n\n<p>You can find more information <a href=\"https:\/\/2019.osnabrueck.wordcamp.org\/zeitplan\/\">here<\/a>. We are looking forward to seeing you!<\/p>\n\n\n\n<p><br><\/p>\n\n\n\n<figure class=\"wp-block-image block-full-width\"><img data-recalc-dims=\"1\" loading=\"lazy\" decoding=\"async\" width=\"525\" height=\"408\" src=\"https:\/\/i0.wp.com\/2019.osnabrueck.wordcamp.org\/files\/2019\/01\/Flug-Tilt-HEESE-1024x796.jpg?resize=525%2C408&#038;ssl=1\" alt=\"\" class=\"wp-image-1924\" srcset=\"https:\/\/i0.wp.com\/osnabrueck.wordcamp.org\/2019\/files\/2019\/01\/Flug-Tilt-HEESE.jpg?resize=1024%2C796&amp;ssl=1 1024w, https:\/\/i0.wp.com\/osnabrueck.wordcamp.org\/2019\/files\/2019\/01\/Flug-Tilt-HEESE.jpg?resize=300%2C233&amp;ssl=1 300w, https:\/\/i0.wp.com\/osnabrueck.wordcamp.org\/2019\/files\/2019\/01\/Flug-Tilt-HEESE.jpg?resize=768%2C597&amp;ssl=1 768w, https:\/\/i0.wp.com\/osnabrueck.wordcamp.org\/2019\/files\/2019\/01\/Flug-Tilt-HEESE.jpg?resize=386%2C300&amp;ssl=1 386w, https:\/\/i0.wp.com\/osnabrueck.wordcamp.org\/2019\/files\/2019\/01\/Flug-Tilt-HEESE.jpg?w=1575&amp;ssl=1 1575w\" sizes=\"auto, (max-width: 767px) 89vw, (max-width: 1000px) 54vw, (max-width: 1071px) 543px, 580px\" \/><\/figure>\n\n\n\n<h2 class=\"wp-block-heading\">Arrival<\/h2>\n\n\n\n<h3 class=\"wp-block-heading\"><strong>By car<\/strong><\/h3>\n\n\n\n<p>Please note when travelling by car: Osnabr\u00fcck is a <strong>low emission zone<\/strong> and access is only permitted with a green sticker.<\/p>\n\n\n\n<p>Directions from the<strong> Ruhr area <\/strong>via the A1. From Lotter Kreuz via the A30 (direction Hannover). From <strong>Bremen or Hamburg<\/strong> you can take the exit Osnabr\u00fcck Nord\/Wallenhorst. The B68 will take you to the city centre.<\/p>\n\n\n\n<p>Coming from direction <strong>Hannover or the Netherlands<\/strong> only via the A30 &#8211; Take the exit Osnabr\u00fcck-Hellern and drive in direction Stadtmitte.<\/p>\n\n\n\n<p>Via the Kurt-Schumacher-Damm and Martinistra\u00dfe as well as the Neuen Graben you go directly to HalleOsnabr\u00fcck and the underground car <strong>Tiefgarage Ledenhof.<\/strong><\/p>\n\n\n\n<h3 class=\"wp-block-heading\"><strong>By public transport<\/strong><\/h3>\n\n\n\n<p><strong>Arrival by train<br><\/strong>For the best train connection, take a look at the timetable information of the <a rel=\"noreferrer noopener\" target=\"_blank\" href=\"http:\/\/www.bahn.de\/p\/view\/index.shtml\">train<\/a>.<br><\/p>\n\n\n\n<p><strong>Arriving by bus<\/strong><br>From Osnabr\u00fcck main station take bus line 21 (direction Atterfeld) or line 22 (direction Campus Westerberg\/ICO) and get off at the stop &#8222;Osnabr\u00fcck Universit\u00e4t\/Osnabr\u00fcck Halle&#8220;. From there it is only a 120m walk.<\/p>\n\n\n\n<p>If you need another bus connection, please use the timetable information of the&nbsp;&nbsp;<a rel=\"noreferrer noopener\" href=\"http:\/\/www.fahrplaner.de\/hafas\/query.exe\/dn?L=vs_web.vs_vos&amp;ZID=A=1@O=Osnabr%C3%BCck\" target=\"_blank\">Verkehrsgemeinschaft Osnabr\u00fcck.<\/a><\/p>\n\n\n\n<h2 class=\"wp-block-heading\">Overnight stay&nbsp; <br>in the City of Peace<br>Osnabr\u00fcck<\/h2>\n\n\n\n<p>We have set up a <a href=\"http:\/\/web4.deskline.net\/osnatagung\/de\/accommodation\/search\">special contingent for WCOS participants<\/a> for you with the Osnabr\u00fcck Tourism and Conference Service, through which you can book your overnight stay in hotels near the Osnabr\u00fcck Halle. Further suggestions and information about the hotels can be found in our blog post: <a href=\"https:\/\/2019.osnabrueck.wordcamp.org\/schon-ein-hotelzimmer-gebucht\/\">Already booked a hotel room?<\/a><\/p>\n","protected":false},"excerpt":{"rendered":"<p>Im Herzen von Osnabr\u00fcck Die wichtigstenOrte auf einen Blick Alles per Fu\u00df zu erreichen: Von der WordCamp-Location sind es nur 300 m bis zum Gr\u00fcnen J\u00e4ger, 700 m bis zum Rathaus und nur 550 m bis in die Lagerhalle zur Party. Selbst vom Hauptbahnhof l\u00e4uft man nur 1250 m zur Osnabr\u00fcckHalle. *English version below WordCamp-Location &hellip; <\/p>\n<p class=\"link-more\"><a href=\"https:\/\/osnabrueck.wordcamp.org\/2019\/location\/\" class=\"more-link\"><span class=\"screen-reader-text\">\u201eWordCamp Location\u201c<\/span> weiterlesen<\/a><\/p>\n","protected":false},"author":13744016,"featured_media":0,"parent":0,"menu_order":0,"comment_status":"closed","ping_status":"closed","template":"","meta":{"jetpack_post_was_ever_published":false,"footnotes":""},"class_list":["post-11","page","type-page","status-publish","hentry"],"jetpack_sharing_enabled":true,"jetpack_shortlink":"https:\/\/wp.me\/PaiD6O-b","_links":{"self":[{"href":"https:\/\/osnabrueck.wordcamp.org\/2019\/wp-json\/wp\/v2\/pages\/11","targetHints":{"allow":["GET"]}}],"collection":[{"href":"https:\/\/osnabrueck.wordcamp.org\/2019\/wp-json\/wp\/v2\/pages"}],"about":[{"href":"https:\/\/osnabrueck.wordcamp.org\/2019\/wp-json\/wp\/v2\/types\/page"}],"author":[{"embeddable":true,"href":"https:\/\/osnabrueck.wordcamp.org\/2019\/wp-json\/wp\/v2\/users\/13744016"}],"replies":[{"embeddable":true,"href":"https:\/\/osnabrueck.wordcamp.org\/2019\/wp-json\/wp\/v2\/comments?post=11"}],"version-history":[{"count":98,"href":"https:\/\/osnabrueck.wordcamp.org\/2019\/wp-json\/wp\/v2\/pages\/11\/revisions"}],"predecessor-version":[{"id":2896,"href":"https:\/\/osnabrueck.wordcamp.org\/2019\/wp-json\/wp\/v2\/pages\/11\/revisions\/2896"}],"wp:attachment":[{"href":"https:\/\/osnabrueck.wordcamp.org\/2019\/wp-json\/wp\/v2\/media?parent=11"}],"curies":[{"name":"wp","href":"https:\/\/api.w.org\/{rel}","templated":true}]}}